et i(y) = -2*y - 5. Let c(m) = -3*a(m) - 7*i(m). Let z = -4 - -1. What is the units digit of c(z)?
5
Let z(h) = -h**3 - 15*h**2 - 17*h - 19. What is the tens digit of z(-14)?
2
Let c(w) = -3*w + 2. Let u(g) = -4*g + 3. Let f(d) = -3*c(d) + 2*u(d). What is the units digit of f(5)?
5
Let f(w) = -w**3 - w**2 - w - 8. Let d be f(0). Let v = d - -14. Suppose 0 = -2*z + 2, 2*r - 6*r = 2*z - v. What is the units digit of r?
1
Let w(n) = n + 5. Let b be w(-5). Suppose x = -2*z - 6, b = -z + 4*x + x + 19. What is the units digit of z + (-9 + 3)/(-2)?
2
Suppose 0 = 7*m - 22*m + 1380. What is the units digit of m?
2
Let t = -2 - 1. Suppose 5*p - 6 = 14. Let j = t + p. What is the units digit of j?
1
What is the tens digit of (1/3)/(8/984)?
4
Suppose 5*l + 21 = -4*g - 34, 4*g + 65 = -3*l. Let f = 21 + g. What is the units digit of f?
1
Let c(m) = 4*m**2 - 4*m - 6. What is the units digit of c(-4)?
4
Let z(x) = 6*x**2 - 14*x + 6. Let a be z(7). Suppose 7*q = -5*u + 3*q + a, 5*u - 204 = -3*q. What is the units digit of u?
2
Let d = 117 + -60. What is the tens digit of d?
5
Let l(q) = -4*q + 14. What is the units digit of l(-6)?
8
Let m(h) = h - 4. Let z be m(4). Let k be (-2 - z) + 27 - 0. Suppose -6*g + g + k = 0. What is the units digit of g?
5
Let v = -117 - -245. What is the tens digit of v?
2
What is the tens digit of 28/((-6)/(-15)*(-15)/(-48))?
2
Let n = 32 + -18. Let i(q) = -q**2 + 2*q + 3. Let c be i(4). Let r = n + c. What is the units digit of r?
9
Suppose -2*a = -7*a + 60. Suppose -a = -5*k + 3. Let v = k + -1. What is the units digit of v?
2
Let y(a) be the second derivative of a**5/20 - a**2/2 - a. Let n(j) = 3*j**3 - 8*j**2 - 10*j + 11. Let p(r) = n(r) - 2*y(r). What is the units digit of p(9)?
4
Let k be 8/44 - (-13)/(-11). What is the units digit of -1 - 1 - k - -8?
7
Suppose 4*z - 179 = -51. What is the units digit of z?
2
Let v(p) = -p**2 - 9*p - 9. Let g be v(-7). Suppose 0 = -g*y + 3*w + 95, 3*w = w. What is the tens digit of y?
1
Suppose 70 + 50 = 4*x. Let s = 52 - x. What is the units digit of s?
2
Suppose 0 = y - 3*y - 12. Let d = 16 + y. What is the units digit of d?
0
Let p(g) = g**2 - 7*g + 3. Let i be p(6). Suppose -2*t + 2*v = -24, -10*t + 4*v + 63 = -5*t. Let l = t + i. What is the tens digit of l?
1
Suppose 485 = 28*r - 23*r. What is the tens digit of r?
9
Suppose -3*p + u = -2*u + 18, -3*p - 4*u = 4. Let n(d) = -6*d + 1. Let r be n(p). Suppose -4*l + h = l - r, -2*l = 4*h - 32. What is the units digit of l?
6
Let z = 33 - 21. What is the units digit of z?
2
Let b(x) = -11*x + 5. Let i be b(7). Let v = -46 - i. What is the tens digit of v?
2
Suppose -176 = -3*h - 35. What is the tens digit of h?
4
Let p be (3 + -2)/(1/(-7)). Let w(q) = q**3 + 6*q**2 - 8*q - 4. Let h be w(p). What is the units digit of 5*(-1 - -3) - h?
7
Suppose 0 = 4*q + 12, -86 = -0*a - a - 4*q. What is the tens digit of a?
9
What is the tens digit of (-123)/(-3) + (-2 - 0)?
3
Let q(f) = -f + 4. Let u be q(6). Let i be (-4)/u + -3 + 3. Suppose -5*t = k - 10, -i*t - 5 = -2*k + 3*t. What is the units digit of k?
5
Let r(d) = d**2 + 6*d + 13. Let y be r(-6). Let x(b) = b**2 + 17 - 13*b - 5 + 5. What is the units digit of x(y)?
7
Let x(d) = -d**3 - 10*d**2 - 6*d - 15. What is the tens digit of x(-10)?
4
Let r(x) = 3*x - 19. What is the tens digit of r(13)?
2
Let d = -22 - -32. Suppose -p + d = 3. What is the units digit of p?
7
Suppose -6 = -x + z, 13 = -3*x + 4*z + 34. What is the units digit of (-4 + x)*-3 + 0?
3
Let s(p) = -p**3 + 4*p**2 + 2*p - 4. Let j be s(5). Let a = j - -7. Let z = -6 - a. What is the units digit of z?
6
Let j(i) = -i**3 - 2*i**2 - i + 1. Let k be j(-3). Suppose 0 = -q - 4*q + 20. Suppose q*r - 45 + k = 0. What is the units digit of r?
8
Suppose j + 2*v - 3 = 0, 3*j - 23 = -2*j - 2*v. Suppose -12 = 2*t + j*o - 2, -2*o + 7 = 3*t. Suppose t*w - 44 = w. What is the units digit of w?
1
Let i(d) = -d**3 + 6*d**2 + 6*d + 1. What is the tens digit of i(6)?
3
Suppose 2*p - 5*p = -114. What is the tens digit of p?
3
Let w = 4 + 0. Let n = w + -2. What is the units digit of n?
2
Let z = -165 - -303. What is the units digit of z/4 + (-18)/(-12)?
6
Suppose -i = -4*i + 78. What is the units digit of i?
6
Suppose 3*h - 15 = -2*h. Suppose 0 = -2*p + h*p - 46. What is the tens digit of p?
4
Suppose 0 = -6*y + 2*y. What is the tens digit of (y - -29)/(-2 - -3)?
2
Suppose 2 + 2 = -x. Let t = x - -24. Suppose -8 = -4*n + t. What is the units digit of n?
7
Let h = 30 - 15. Suppose -2*c + h = -45. What is the tens digit of c?
3
Let i be ((-3)/6)/((-1)/(-6)). Let n be 1*((-9)/i - 0). Suppose 0 = n*s - 8 + 2. What is the units digit of s?
2
What is the tens digit of 207/12 + (-12)/(-16)?
1
Let g = -5 + 3. Let b(o) = 2*o**2 + 2*o - 1. Let m be b(g). Suppose 5 = 2*h - h, -2*h = m*s - 16. What is the units digit of s?
2
Let t(x) = 4*x**2 + 1. Let w(d) = -d**2 + 4*d - 6. Let f be w(4). Let b = 5 + f. What is the units digit of t(b)?
5
Let b = -60 - -162. Let d be -3*(0 - b/(-9)). Let i = d - -51. What is the units digit of i?
7
Let h(n) = n - 8. Let r be h(5). What is the units digit of 10 + -3 + (0 - r)?
0
Suppose 5*r - x - 85 = 0, -r + 11*x - 2 = 7*x. What is the units digit of r?
8
Let m be 5/((-10)/6) - -7. Suppose y + 39 = m*y. Let n = 29 - y. What is the tens digit of n?
1
What is the hundreds digit of 125 - -12 - 2/(-2)?
1
Suppose 7 = 5*z - 8. Suppose 1 = 3*p - 2*g, z*p - 8*p + 11 = -g. What is the units digit of p?
3
Suppose 3*z - 5*z = -64. What is the tens digit of z/1 - (7 + -5)?
3
Let p be 2 - (2 + -1) - 1. Suppose 12 = 5*y + j, p = -2*y - 0*y - 4*j - 6. Suppose -2*a = -3*h - 1, -h + 5*h - y*a + 2 = 0. What is the units digit of h?
1
Let l = 178 - 125. Let v = l + -30. What is the units digit of v?
3
Suppose 35 + 10 = d. Let m be (-1)/(((-3)/d)/(-1)). Let s = 26 + m. What is the units digit of s?
1
Let w(p) = 2*p**2 + 3*p + 1. Let d(b) = 5*b**2 + 9*b + 2. Let q(x) = -3*d(x) + 8*w(x). What is the units digit of q(3)?
2
Let m be (-2 + 81)/(4 + -3). What is the units digit of (-1)/3 + m/3?
6
Suppose 0*q = -3*q + 6. Suppose q*u = 3*z + 42, -2*u = -4*z + 5*z - 58. What is the tens digit of u?
2
Suppose 4*d = 8*d - 1408. What is the tens digit of d/10 - (-3)/(-15)?
3
Let x = -138 + 280. What is the units digit of x?
2
Suppose -3*p = -3*x + 2*x, -3*x - 3*p + 12 = 0. Suppose -5*b + 45 = -5*y, 0*b + x*y - 3 = -2*b. What is the units digit of b?
6
Suppose -h - 4 = -4*x + h, 12 = -3*h. Let a = 1 - x. What is the units digit of a?
2
Let d be (0 + 1)/((-2)/(-38)). Suppose -2*y + d = -3*j + 6*j, -3*y - 5*j = -26. What is the units digit of y?
7
Suppose 16 = -4*x, x + 4*x = -h - 13. Suppose 2*s = 15*s + 78. Let q = h - s. What is the tens digit of q?
1
Suppose -m = -4*y - 21, 2*y + 16 - 82 = -4*m. What is the units digit of m?
7
Suppose 118 = i - 2*l, l - 266 = -2*i - 5. What is the units digit of i?
8
Suppose -19 - 31 = -2*b. Let m = -15 + b. Let x(d) = -d**3 + 10*d**2 + 7. What is the units digit of x(m)?
7
Let c(l) = l**3 - 10*l**2 + 12*l + 13. Let s be c(9). Suppose s = -3*v + 103. What is the tens digit of v?
2
Let n(u) = -103*u - 20. What is the units digit of n(-3)?
9
Suppose -3*i = -6*i + 102. What is the units digit of i?
4
Let z(j) be the third derivative of j**5/20 + j**3/6 - 4*j**2. Let v be z(-1). Suppose -v*g + 10 = g. What is the units digit of g?
2
What is the tens digit of (-1)/((-8)/2)*236?
5
Suppose -49 = -2*k + 23. What is the tens digit of k?
3
Let b = 112 + 10. What is the units digit of b?
2
What is the tens digit of (-2)/(-4)*(74 - 6)?
3
Let j be (-1)/(4 - (-1652)/(-412)). Let f = j - 70. What is the tens digit of f?
3
What is the units digit of (86/2)/(2/4)?
6
Let o(b) = 3*b**2 - 7*b - 38. What is the hundreds digit of o(11)?
2
Suppose 0 = 5*c - 2*l - 7, 3*c + 4*l = -c. Let m = c + 1. What is the units digit of m?
2
Let r be 286/8 - (-2)/8. Suppose 3*t - t = r. What is the units digit of t?
8
Suppose -y + 5*n + 1 = 0, -4 = -0*n - 4*n. Suppose -y*o = -o + 10. What is the units digit of o/(-12) - 58/(-12)?
5
Let p(v) = -3*v - 1. Let u(j) = -16*j - 5. Let r(z) = -11*p(z) + 2*u(z). Let n(d) = -1. Let q(w) = 6*n(w) + 5*r(w). What is the units digit of q(1)?
4
Let p = -278 - -419. What is the tens digit of p?
4
Let p(h) = 13*h**3 - 2*h**2 - h +